{"id":172,"date":"2017-06-28T14:39:55","date_gmt":"2017-06-28T12:39:55","guid":{"rendered":"http:\/\/www.adrianlonsdale.de\/?page_id=172"},"modified":"2025-07-15T12:28:32","modified_gmt":"2025-07-15T10:28:32","slug":"kontaktimpressum","status":"publish","type":"page","link":"https:\/\/adrianlonsdale.de\/?page_id=172","title":{"rendered":"Kontakt\/Impressum"},"content":{"rendered":"<p>[et_pb_section fb_built=&#8220;1&#8243; background_color=&#8220;#dd052a&#8220; custom_padding=&#8220;0px||0px|&#8220; disabled_on=&#8220;||on&#8220; admin_label=&#8220;Sektion&#8220; _builder_version=&#8220;3.0.51&#8243; global_module=&#8220;350&#8243;][et_pb_row admin_label=&#8220;Zeile&#8220; _builder_version=&#8220;3.0.47&#8243; background_size=&#8220;initial&#8220; background_position=&#8220;top_left&#8220; background_repeat=&#8220;repeat&#8220;][et_pb_column type=&#8220;4_4&#8243; _builder_version=&#8220;3.0.47&#8243; parallax=&#8220;off&#8220; parallax_method=&#8220;on&#8220;][et_pb_text admin_label=&#8220;Text&#8220; _builder_version=&#8220;3.0.51&#8243;]<\/p>\n<h6 style=\"text-align: center;\">Adrian Lonsdale &#8211; Independent Business English Trainer<\/h6>\n<p>[\/et_pb_text][\/et_pb_column][\/et_pb_row][\/et_pb_section][et_pb_section fb_built=&#8220;1&#8243; background_color=&#8220;#004187&#8243; fullwidth=&#8220;on&#8220; admin_label=&#8220;Sektion&#8220; _builder_version=&#8220;3.0.51&#8243;][et_pb_fullwidth_header title=&#8220;Kontakt \/ Impressum&#8220; text_orientation=&#8220;center&#8220; title_font_color=&#8220;#ffffff&#8220; admin_label=&#8220;Vollbreite Kopfzeile&#8220; _builder_version=&#8220;3.0.51&#8243; title_font=&#8220;Roboto||||&#8220;][\/et_pb_fullwidth_header][\/et_pb_section][et_pb_section fb_built=&#8220;1&#8243; custom_padding=&#8220;||10px|&#8220; admin_label=&#8220;Sektion&#8220; _builder_version=&#8220;3.0.51&#8243;][et_pb_row admin_label=&#8220;Zeile&#8220; _builder_version=&#8220;3.0.47&#8243; background_size=&#8220;initial&#8220; background_position=&#8220;top_left&#8220; background_repeat=&#8220;repeat&#8220;][et_pb_column type=&#8220;4_4&#8243; _builder_version=&#8220;3.0.47&#8243; parallax=&#8220;off&#8220; parallax_method=&#8220;on&#8220;][et_pb_text admin_label=&#8220;Text&#8220; _builder_version=&#8220;3.0.51&#8243;]<\/p>\n<h3><b>Bitte rufen Sie mich an, schicken Sie mir eine E-Mail oder verwenden Sie das Kontaktformular, um einen Termin zum unverbindlichen Kennenlern-Gespr\u00e4ch mit mir vereinbaren zu k\u00f6nnen. Ich freue mich auf Sie!<\/b><\/h3>\n<p>[\/et_pb_text][\/et_pb_column][\/et_pb_row][\/et_pb_section][et_pb_section fb_built=&#8220;1&#8243; custom_padding=&#8220;||10px|&#8220; admin_label=&#8220;Sektion&#8220; _builder_version=&#8220;3.0.51&#8243;][et_pb_row admin_label=&#8220;Zeile&#8220; _builder_version=&#8220;3.0.47&#8243; background_size=&#8220;initial&#8220; background_position=&#8220;top_left&#8220; background_repeat=&#8220;repeat&#8220;][et_pb_column type=&#8220;4_4&#8243; _builder_version=&#8220;3.0.47&#8243; parallax=&#8220;off&#8220; parallax_method=&#8220;on&#8220;][et_pb_text admin_label=&#8220;Text&#8220; _builder_version=&#8220;3.0.51&#8243; saved_tabs=&#8220;all&#8220;]<\/p>\n<h4><b>Kontaktformular<br \/>\n<a href=\"http:\/\/www.adrianlonsdale.de\/wp-content\/uploads\/2017\/06\/AL_Headunderline.jpg\"><img loading=\"lazy\" decoding=\"async\" class=\"alignnone size-full wp-image-101\" src=\"http:\/\/www.adrianlonsdale.de\/wp-content\/uploads\/2017\/06\/AL_Headunderline.jpg\" alt=\"\" width=\"60\" height=\"3\" \/><\/a><br \/>\n<\/b><\/h4>\n<p>[\/et_pb_text][\/et_pb_column][\/et_pb_row][\/et_pb_section][et_pb_section fb_built=&#8220;1&#8243; background_color=&#8220;#f3f6f7&#8243; admin_label=&#8220;Sektion&#8220; _builder_version=&#8220;3.0.51&#8243;][et_pb_row admin_label=&#8220;Zeile&#8220; _builder_version=&#8220;3.0.47&#8243; background_size=&#8220;initial&#8220; background_position=&#8220;top_left&#8220; background_repeat=&#8220;repeat&#8220;][et_pb_column type=&#8220;1_2&#8243; _builder_version=&#8220;3.0.47&#8243; parallax=&#8220;off&#8220; parallax_method=&#8220;on&#8220;][et_pb_contact_form email=&#8220;info@adrianlonsdale.de&#8220; admin_label=&#8220;Kontaktformular&#8220; module_id=&#8220;et_pb_contact_form_0&#8243; _builder_version=&#8220;3.0.51&#8243; custom_button=&#8220;on&#8220; button_text_color=&#8220;#ffffff&#8220; button_bg_color=&#8220;#004187&#8243; button_border_width=&#8220;0&#8243; button_border_radius=&#8220;0&#8243; button_use_icon=&#8220;off&#8220; button_text_color_hover=&#8220;#ffffff&#8220; button_bg_color_hover=&#8220;#dd052a&#8220; button_border_radius_hover=&#8220;0&#8243;][et_pb_contact_field field_id=&#8220;Field_5&#8243; field_title=&#8220;Ich interessiere mich f\u00fcr&#8220; field_type=&#8220;select&#8220; select_options=&#8220;%91{%22value%22:%22Einzelunterricht%22,%22checked%22:0,%22dragID%22:0},{%22value%22:%22Gruppenunterricht%22,%22checked%22:0,%22dragID%22:1},{%22value%22:%22Online-Training%22,%22checked%22:0,%22dragID%22:2}%93&#8243; fullwidth_field=&#8220;on&#8220; _builder_version=&#8220;3.0.47&#8243; form_field_font=&#8220;||||&#8220;][\/et_pb_contact_field][et_pb_contact_field field_id=&#8220;Name&#8220; field_title=&#8220;Vor und Zuname&#8220; _builder_version=&#8220;3.0.47&#8243; form_field_font=&#8220;||||&#8220;][\/et_pb_contact_field][et_pb_contact_field field_id=&#8220;Firma&#8220; field_title=&#8220;Firma (optional)&#8220; required_mark=&#8220;off&#8220; fullwidth_field=&#8220;on&#8220; _builder_version=&#8220;3.0.47&#8243; form_field_font=&#8220;||||&#8220;][\/et_pb_contact_field][et_pb_contact_field field_id=&#8220;Email&#8220; field_title=&#8220;E-Mail-Adresse&#8220; field_type=&#8220;email&#8220; _builder_version=&#8220;3.0.47&#8243;][\/et_pb_contact_field][et_pb_contact_field field_id=&#8220;Nachricht&#8220; field_title=&#8220;Nachricht&#8220; field_type=&#8220;text&#8220; fullwidth_field=&#8220;on&#8220; _builder_version=&#8220;3.0.47&#8243; form_field_font=&#8220;||||&#8220;][\/et_pb_contact_field][\/et_pb_contact_form][\/et_pb_column][et_pb_column type=&#8220;1_2&#8243; _builder_version=&#8220;3.0.47&#8243; parallax=&#8220;off&#8220; parallax_method=&#8220;on&#8220;][et_pb_text admin_label=&#8220;Text&#8220; _builder_version=&#8220;3.0.51&#8243;]<\/p>\n<p>Adrian Charles Lonsdale<\/p>\n<p> Bornstra\u00dfe 3a<\/p>\n<p> 61231 Bad Nauheim<\/p>\n<p> Telefon:\u00a0+49 (0)6032 9293430<\/p>\n<p> <a href=\"mailto:info@adrianlonsdale.de\">info@adrianlonsdale.de<\/a><\/p>\n<p>[\/et_pb_text][\/et_pb_column][\/et_pb_row][\/et_pb_section][et_pb_section fb_built=&#8220;1&#8243; admin_label=&#8220;Sektion&#8220; _builder_version=&#8220;3.0.47&#8243;][et_pb_row admin_label=&#8220;Zeile&#8220; _builder_version=&#8220;3.0.47&#8243; background_size=&#8220;initial&#8220; background_position=&#8220;top_left&#8220; background_repeat=&#8220;repeat&#8220;][et_pb_column type=&#8220;1_2&#8243; _builder_version=&#8220;3.0.47&#8243; parallax=&#8220;off&#8220; parallax_method=&#8220;on&#8220;][et_pb_text admin_label=&#8220;Text&#8220; _builder_version=&#8220;3.0.51&#8243; saved_tabs=&#8220;all&#8220;]<\/p>\n<h4><b>Impressum<br \/>\n<a href=\"http:\/\/www.adrianlonsdale.de\/wp-content\/uploads\/2017\/06\/AL_Headunderline.jpg\"><img loading=\"lazy\" decoding=\"async\" class=\"alignnone size-full wp-image-101\" src=\"http:\/\/www.adrianlonsdale.de\/wp-content\/uploads\/2017\/06\/AL_Headunderline.jpg\" alt=\"\" width=\"60\" height=\"3\" \/><\/a><br \/>\n<\/b><\/h4>\n<p>[\/et_pb_text][et_pb_text admin_label=&#8220;Text&#8220; _builder_version=&#8220;3.0.51&#8243;]<\/p>\n<p>Verantwortlich f\u00fcr den Inhalt:<\/p>\n<p>Adrian Charles Lonsdale<\/p>\n<p class=\"\"><span style=\"font-size: 20px; background-color: #ffffff;\">Bornstra\u00dfe 3a<\/span><\/p>\n<p>61231 Bad Nauheim<\/p>\n<p>Telefon:\u00a0+49 (0)6032 9293430<\/p>\n<p><a href=\"mailto:info@adrianlonsdale.de\">info@adrianlonsdale.de<\/a><\/p>\n<p>[\/et_pb_text][\/et_pb_column][et_pb_column type=&#8220;1_2&#8243; _builder_version=&#8220;3.0.47&#8243; parallax=&#8220;off&#8220; parallax_method=&#8220;on&#8220;][\/et_pb_column][\/et_pb_row][et_pb_row custom_padding=&#8220;||0px|&#8220; background_position_1=&#8220;top_left&#8220; background_position_2=&#8220;top_left&#8220; background_repeat_1=&#8220;no-repeat&#8220; background_repeat_2=&#8220;no-repeat&#8220; admin_label=&#8220;Zeile&#8220; _builder_version=&#8220;3.0.51&#8243; background_size=&#8220;initial&#8220; background_position=&#8220;top_left&#8220; background_repeat=&#8220;repeat&#8220;][et_pb_column type=&#8220;1_2&#8243; _builder_version=&#8220;3.0.47&#8243; parallax=&#8220;off&#8220; parallax_method=&#8220;on&#8220; background_position=&#8220;top_left&#8220; background_repeat=&#8220;no-repeat&#8220;][et_pb_text admin_label=&#8220;Text&#8220; _builder_version=&#8220;3.0.51&#8243; saved_tabs=&#8220;all&#8220;]<\/p>\n<h4><b>Haftungsausschluss<br \/>\n<a href=\"http:\/\/www.adrianlonsdale.de\/wp-content\/uploads\/2017\/06\/AL_Headunderline.jpg\"><img loading=\"lazy\" decoding=\"async\" class=\"alignnone size-full wp-image-101\" src=\"http:\/\/www.adrianlonsdale.de\/wp-content\/uploads\/2017\/06\/AL_Headunderline.jpg\" alt=\"\" width=\"60\" height=\"3\" \/><\/a><br \/>\n<\/b><\/h4>\n<p>[\/et_pb_text][\/et_pb_column][et_pb_column type=&#8220;1_2&#8243; _builder_version=&#8220;3.0.47&#8243; parallax=&#8220;off&#8220; parallax_method=&#8220;on&#8220; background_position=&#8220;top_left&#8220; background_repeat=&#8220;no-repeat&#8220;][\/et_pb_column][\/et_pb_row][et_pb_row admin_label=&#8220;Zeile&#8220; _builder_version=&#8220;3.0.47&#8243; background_size=&#8220;initial&#8220; background_position=&#8220;top_left&#8220; background_repeat=&#8220;repeat&#8220;][et_pb_column type=&#8220;1_2&#8243; _builder_version=&#8220;3.0.47&#8243; parallax=&#8220;off&#8220; parallax_method=&#8220;on&#8220;][et_pb_text admin_label=&#8220;Text&#8220; _builder_version=&#8220;3.0.51&#8243;]<\/p>\n<p>Durch den Zugriff auf die Seiten von Adrian Charles Lonsdale erkl\u00e4ren Sie Ihr Einverst\u00e4ndnis mit den folgenden Nutzungsbedingungen. Wenn Sie mit diesen Bedingungen nicht einverstanden sind, d\u00fcrfen Sie auf diese Seiten nicht zur\u00fcckgreifen.<\/p>\n<p>Die Inhalte dieser Seite werden &#8222;as is&#8220; zur Verf\u00fcgung gestellt. Das bedeutet, soweit gesetzliche Vorschriften nichts anderes vorschreiben, dass keinerlei Gew\u00e4hrleistung (weder ausdr\u00fccklich noch stillschweigend) im Hinblick auf die Richtigkeit, Verl\u00e4sslichkeit oder die Inhalte der einzelnen Seiten \u00fcbernommen wird.<\/p>\n<p>[\/et_pb_text][\/et_pb_column][et_pb_column type=&#8220;1_2&#8243; _builder_version=&#8220;3.0.47&#8243; parallax=&#8220;off&#8220; parallax_method=&#8220;on&#8220;][et_pb_text admin_label=&#8220;Text&#8220; _builder_version=&#8220;3.0.51&#8243;]<\/p>\n<p>Werden Ratschl\u00e4ge oder Empfehlungen abgegeben, handelt es sich um unverbindliche Ausk\u00fcnfte (\u00a7 675 Abs. 2 BGB). Adrian Charles Lonsdale beh\u00e4lt sich das Recht vor, die Seiten jederzeit zu \u00fcberarbeiten oder aus dem Netz zu nehmen. S\u00e4mtliche auf den Seiten von Adrian Charles Lonsdale enthaltenen Abbildungen sind urheberrechtlich gesch\u00fctzt. Eine Vervielf\u00e4ltigung, Verbreitung, Ver\u00e4nderung oder sonstige Nutzung ist Ihnen nicht gestattet.<\/p>\n<p>[\/et_pb_text][\/et_pb_column][\/et_pb_row][\/et_pb_section]<\/p>\n","protected":false},"excerpt":{"rendered":"<p>Adrian Lonsdale &#8211; Independent Business English Trainer Bitte rufen Sie mich an, schicken Sie mir eine E-Mail oder verwenden Sie das Kontaktformular, um einen Termin zum unverbindlichen Kennenlern-Gespr\u00e4ch mit mir vereinbaren zu k\u00f6nnen. Ich freue mich auf Sie! Kontaktformular Adrian Charles Lonsdale Bornstra\u00dfe 3a 61231 Bad Nauheim Telefon:\u00a0+49 (0)6032 9293430 info@adrianlonsdale.deImpressum Verantwortlich f\u00fcr den Inhalt: [&hellip;]<\/p>\n","protected":false},"author":1,"featured_media":0,"parent":0,"menu_order":0,"comment_status":"closed","ping_status":"closed","template":"","meta":{"_et_pb_use_builder":"on","_et_pb_old_content":"","_et_gb_content_width":"","footnotes":""},"class_list":["post-172","page","type-page","status-publish","hentry"],"_links":{"self":[{"href":"https:\/\/adrianlonsdale.de\/index.php?rest_route=\/wp\/v2\/pages\/172","targetHints":{"allow":["GET"]}}],"collection":[{"href":"https:\/\/adrianlonsdale.de\/index.php?rest_route=\/wp\/v2\/pages"}],"about":[{"href":"https:\/\/adrianlonsdale.de\/index.php?rest_route=\/wp\/v2\/types\/page"}],"author":[{"embeddable":true,"href":"https:\/\/adrianlonsdale.de\/index.php?rest_route=\/wp\/v2\/users\/1"}],"replies":[{"embeddable":true,"href":"https:\/\/adrianlonsdale.de\/index.php?rest_route=%2Fwp%2Fv2%2Fcomments&post=172"}],"version-history":[{"count":25,"href":"https:\/\/adrianlonsdale.de\/index.php?rest_route=\/wp\/v2\/pages\/172\/revisions"}],"predecessor-version":[{"id":460,"href":"https:\/\/adrianlonsdale.de\/index.php?rest_route=\/wp\/v2\/pages\/172\/revisions\/460"}],"wp:attachment":[{"href":"https:\/\/adrianlonsdale.de\/index.php?rest_route=%2Fwp%2Fv2%2Fmedia&parent=172"}],"curies":[{"name":"wp","href":"https:\/\/api.w.org\/{rel}","templated":true}]}}